4
Calculate the remainder when 1458 is divided by 146.
144
What is the remainder when 1326 is divided by 20?
6
Calculate the remainder when 635 is divided by 23.
14
Calculate the remainder when 152 is divided by 11.
9
Calculate the remainder when 352 is divided by 118.
116
What is the remainder when 34 is divided by 30?
4
Calculate the remainder when 881 is divided by 14.
13
Calculate the remainder when 373 is divided by 327.
46
What is the remainder when 818 is divided by 27?
8
What is the remainder when 443 is divided by 427?
16
What is the remainder when 174 is divided by 35?
34
What is the remainder when 131 is divided by 15?
11
What is the remainder when 3311 is divided by 24?
23
Calculate the remainder when 249 is divided by 118.
13
Calculate the remainder when 2039 is divided by 26.
11
Calculate the remainder when 1155 is divided by 381.
12
What is the remainder when 26 is divided by 23?
3
Calculate the remainder when 199 is divided by 40.
39
What is the remainder when 199 is divided by 50?
49
What is the remainder when 201 is divided by 13?
6
Calculate the remainder when 663 is divided by 10.
3
What is the remainder when 1612 is divided by 116?
104
Calculate the remainder when 22 is divided by 1.
0
What is the remainder when 2863 is divided by 32?
15
Calculate the remainder when 38 is divided by 8.
6
Calculate the remainder when 109 is divided by 22.
21
What is the remainder when 174 is divided by 47?
33
What is the remainder when 91 is divided by 19?
15
Calculate the remainder when 614 is divided by 22.
20
What is the remainder when 371 is divided by 39?
20
Calculate the remainder when 235 is divided by 4.
3
What is the remainder when 26817 is divided by 45?
42
Calculate the remainder when 2001 is divided by 48.
33
Calculate the remainder when 6170 is divided by 11.
10
Calculate the remainder when 387 is divided by 13.
10
What is the remainder when 1361 is divided by 35?
31
What is the remainder when 171 is divided by 44?
39
Calculate the remainder when 350 is divided by 27.
26
Calculate the remainder when 283 is divided by 139.
5
What is the remainder when 94 is divided by 50?
44
What is the remainder when 1966 is divided by 650?
16
Calculate the remainder when 57 is divided by 35.
22
Calculate the remainder when 33 is divided by 20.
13
What is the remainder when 318 is divided by 151?
16
Calculate the remainder when 90 is divided by 79.
11
Calculate the remainder when 332 is divided by 41.
4
What is the remainder when 4553 is divided by 64?
9
What is the remainder when 222 is divided by 43?
7
Calculate the remainder when 646 is divided by 24.
22
Calculate the remainder when 205 is divided by 11.
7
Calculate the remainder when 3266 is divided by 99.
98
What is the remainder when 1574 is divided by 45?
44
Calculate the remainder when 4245 is divided by 137.
135
Calculate the remainder when 2106 is divided by 191.
5
What is the remainder when 1260 is divided by 42?
0
What is the remainder when 285 is divided by 40?
5
What is the remainder when 4976 is divided by 15?
11
Calculate the remainder when 534 is divided by 40.
14
What is the remainder when 14 is divided by 9?
5
Calculate the remainder when 146 is divided by 1.
0
Calculate the remainder when 2616 is divided by 64.
56
What is the remainder when 609 is divided by 11?
4
Calculate the remainder when 4387 is divided by 30.
7
Calculate the remainder when 30 is divided by 26.
4
What is the remainder when 768 is divided by 203?
159
Calculate the remainder when 5585 is divided by 98.
97
What is the remainder when 286 is divided by 268?
18
What is the remainder when 68 is divided by 15?
8
What is the remainder when 632 is divided by 128?
120
What is the remainder when 558 is divided by 5?
3
What is the remainder when 165 is divided by 43?
36
What is the remainder when 6401 is divided by 11?
10
What is the remainder when 193 is divided by 31?
7
Calculate the remainder when 171 is divided by 7.
3
What is the remainder when 221 is divided by 29?
18
What is the remainder when 168 is divided by 112?
56
What is the remainder when 91 is divided by 19?
15
Calculate the remainder when 114 is divided by 9.
6
What is the remainder when 390 is divided by 388?
2
Calculate the remainder when 1897 is divided by 10.
7
What is the remainder when 1105 is divided by 6?
1
What is the remainder when 841 is divided by 97?
65
What is the remainder when 4172 is divided by 22?
14
Calculate the remainder when 166 is divided by 60.
46
Calculate the remainder when 202 is divided by 51.
49
Calculate the remainder when 1324 is divided by 53.
52
Calculate the remainder when 799 is divided by 163.
147
What is the remainder when 2704 is divided by 66?
64
Calculate the remainder when 612 is divided by 23.
14
Calculate the remainder when 21292 is divided by 126.
124
Calculate the remainder when 328 is divided by 7.
6
What is the remainder when 969 is divided by 54?
51
Calculate the remainder when 5452 is divided by 3.
1
Calculate the remainder when 125 is divided by 66.
59
What is the remainder when 95 is divided by 42?
11
What is the remainder when 5302 is divided by 221?
219
Calculate the remainder when 40 is divided by 38.
2
What is the remainder when 83 is divided by 46?
37
What is the remainder when 133 is divided by 46?
41
Calculate the remainder when 96 is divided by 14.
12
What is the remainder when 3163 is divided by 20?
3
What is the remainder when 134 is divided by 31?
10
Calculate the remainder when 288 is divided by 76.
60
What is the remainder when 4148 is divided by 346?
342
Calculate the remainder when 193 is divided by 28.
25
Calculate the remainder when 1669 is divided by 22.
19
What is the remainder when 348 is divided by 27?
24
Calculate the remainder when 3418 is divided by 190.
188
What is the remainder when 136 is divided by 13?
6
What is the remainder when 1583 is divided by 66?
65
What is the remainder when 88 is divided by 48?
40
What is the remainder when 64 is divided by 11?
9
Calculate the remainder when 231 is divided by 94.
43
Calculate the remainder when 2368 is divided by 588.
16
What is the remainder when 734 is divided by 21?
20
Calculate the remainder when 323 is divided by 81.
80
What is the remainder when 128 is divided by 19?
14
What is the remainder when 250 is divided by 76?
22
Calculate the remainder when 365 is divided by 23.
20
What is the remainder when 315 is divided by 80?
75
What is the remainder when 1224 is divided by 404?
12
Calculate the remainder when 1550 is divided by 47.
46
Calculate the remainder when 482 is divided by 22.
20
Calculate the remainder when 212 is divided by 8.
4
What is the remainder when 9178 is divided by 108?
106
Calculate the remainder when 139 is divided by 53.
33
Calculate the remainder when 30 is divided by 24.
6
What is the remainder when 797 is divided by 40?
37
Calculate the remainder when 1536 is divided by 389.
369
What is the remainder when 77 is divided by 75?
2
What is the remainder when 29790 is divided by 32?
30
Calculate the remainder when 155 is divided by 43.
26
What is the remainder when 768 is divided by 78?
66
What is the remainder when 209 is divided by 42?
41
What is the remainder when 5662 is divided by 16?
14
Calculate the remainder when 235 is divided by 37.
13
What is the remainder when 4345 is divided by 1084?
9
Calculate the remainder when 305 is divided by 17.
16
Calculate the remainder when 211 is divided by 23.
4
Calculate the remainder when 326 is divided by 47.
44
Calculate the remainder when 41 is divided by 22.
19
What is the remainder when 149 is divided by 9?
5
What is the remainder when 338 is divided by 31?
28
What is the remainder when 373 is divided by 29?
25
What is the remainder when 55 is divided by 41?
14
Calculate the remainder when 945 is divided by 7.
0
Calculate the remainder when 826 is divided by 23.
21
What is the remainder when 1021 is divided by 307?
100
Calculate the remainder when 631 is divided by 13.
7
What is the remainder when 254 is divided by 3?
2
What is the remainder when 47155 is divided by 146?
143
Calculate the remainder when 1342 is divided by 97.
81
Calculate the remainder when 174 is divided by 13.
5
What is the remainder when 142 is divided by 37?
31
What is the remainder w